{"id":977,"date":"2025-07-08T20:50:56","date_gmt":"2025-07-08T20:50:56","guid":{"rendered":"https:\/\/jaimeruil.com\/?page_id=977"},"modified":"2025-07-08T20:52:49","modified_gmt":"2025-07-08T20:52:49","slug":"elementor-pagina-977","status":"publish","type":"page","link":"https:\/\/jaimeruil.com\/en\/elementor-pagina-977\/","title":{"rendered":"Elinor &#038; Ryan"},"content":{"rendered":"<div data-elementor-type=\"wp-page\" data-elementor-id=\"977\" class=\"elementor elementor-977\" data-elementor-post-type=\"page\">\n\t\t\t\t<div class=\"elementor-element elementor-element-06daccf e-flex e-con-boxed e-con e-parent\" data-id=\"06daccf\" data-element_type=\"container\" data-e-type=\"container\">\n\t\t\t\t\t<div class=\"e-con-inner\">\n\t\t\t\t<div class=\"elementor-element elementor-element-d63039e elementor-hidden-tablet elementor-hidden-mobile elementor-widget elementor-widget-image\" data-id=\"d63039e\" data-element_type=\"widget\" data-e-type=\"widget\" data-widget_type=\"image.default\">\n\t\t\t\t<div class=\"elementor-widget-container\">\n\t\t\t\t\t\t\t\t\t\t\t\t\t\t\t<img fetchpriority=\"high\" decoding=\"async\" width=\"1920\" height=\"844\" src=\"https:\/\/jaimeruil.com\/wp-content\/uploads\/2025\/07\/Grupo-31.jpg\" class=\"attachment-full size-full wp-image-979\" alt=\"\" srcset=\"https:\/\/jaimeruil.com\/wp-content\/uploads\/2025\/07\/Grupo-31.jpg 1920w, https:\/\/jaimeruil.com\/wp-content\/uploads\/2025\/07\/Grupo-31-300x132.jpg 300w, https:\/\/jaimeruil.com\/wp-content\/uploads\/2025\/07\/Grupo-31-1024x450.jpg 1024w, https:\/\/jaimeruil.com\/wp-content\/uploads\/2025\/07\/Grupo-31-768x338.jpg 768w, https:\/\/jaimeruil.com\/wp-content\/uploads\/2025\/07\/Grupo-31-1536x675.jpg 1536w, https:\/\/jaimeruil.com\/wp-content\/uploads\/2025\/07\/Grupo-31-18x8.jpg 18w, https:\/\/jaimeruil.com\/wp-content\/uploads\/2025\/07\/Grupo-31-24x11.jpg 24w, https:\/\/jaimeruil.com\/wp-content\/uploads\/2025\/07\/Grupo-31-36x16.jpg 36w, https:\/\/jaimeruil.com\/wp-content\/uploads\/2025\/07\/Grupo-31-48x21.jpg 48w\" sizes=\"(max-width: 1920px) 100vw, 1920px\" \/>\t\t\t\t\t\t\t\t\t\t\t\t\t\t\t<\/div>\n\t\t\t\t<\/div>\n\t\t\t\t<div class=\"elementor-element elementor-element-8d51464 elementor-hidden-desktop elementor-widget elementor-widget-image\" data-id=\"8d51464\" data-element_type=\"widget\" data-e-type=\"widget\" data-widget_type=\"image.default\">\n\t\t\t\t<div class=\"elementor-widget-container\">\n\t\t\t\t\t\t\t\t\t\t\t\t\t\t\t<img decoding=\"async\" width=\"750\" height=\"965\" src=\"https:\/\/jaimeruil.com\/wp-content\/uploads\/2025\/07\/Grupo-32.jpg\" class=\"attachment-full size-full wp-image-980\" alt=\"\" srcset=\"https:\/\/jaimeruil.com\/wp-content\/uploads\/2025\/07\/Grupo-32.jpg 750w, https:\/\/jaimeruil.com\/wp-content\/uploads\/2025\/07\/Grupo-32-233x300.jpg 233w, https:\/\/jaimeruil.com\/wp-content\/uploads\/2025\/07\/Grupo-32-9x12.jpg 9w, https:\/\/jaimeruil.com\/wp-content\/uploads\/2025\/07\/Grupo-32-19x24.jpg 19w, https:\/\/jaimeruil.com\/wp-content\/uploads\/2025\/07\/Grupo-32-28x36.jpg 28w, https:\/\/jaimeruil.com\/wp-content\/uploads\/2025\/07\/Grupo-32-37x48.jpg 37w\" sizes=\"(max-width: 750px) 100vw, 750px\" \/>\t\t\t\t\t\t\t\t\t\t\t\t\t\t\t<\/div>\n\t\t\t\t<\/div>\n\t\t\t\t\t<\/div>\n\t\t\t\t<\/div>\n\t\t<div class=\"elementor-element elementor-element-018eaba e-flex e-con-boxed e-con e-parent\" data-id=\"018eaba\" data-element_type=\"container\" data-e-type=\"container\">\n\t\t\t\t\t<div class=\"e-con-inner\">\n\t\t\t\t<div class=\"elementor-element elementor-element-b75ce0f elementor-widget elementor-widget-text-editor\" data-id=\"b75ce0f\" data-element_type=\"widget\" data-e-type=\"widget\" data-widget_type=\"text-editor.default\">\n\t\t\t\t<div class=\"elementor-widget-container\">\n\t\t\t\t\t\t\t\t\t<div>Elegancia atemporal frente al mar de M\u00e1laga&#8230;<\/div><div><div>\u00a0<\/div><div>\u00c9l, belga. Ella, de Melilla. Se conocieron en M\u00e1laga, la ciudad donde empez\u00f3 su historia, y fue all\u00ed donde decidieron celebrarla para siempre. Aunque actualmente viven en Par\u00eds, eligieron volver al sur para compartir con sus seres queridos una boda \u00edntima, cargada de belleza, tradici\u00f3n y una sofisticaci\u00f3n serena.<\/div><div>\u00a0<\/div><div>El Palacio Monte Miramar, con sus jardines hist\u00f3ricos y vistas al Mediterr\u00e1neo, fue el enclave perfecto para una ceremonia jud\u00eda marcada por la emoci\u00f3n y el buen gusto. Bajo una chuppah adornada con flores en tonos blancos y violetas \u2014una paleta delicada y armoniosa\u2014, los novios se unieron rodeados de sus familias, respetando cada uno de los rituales con una sensibilidad profundamente personal.<\/div><div>\u00a0<\/div><div>La atm\u00f3sfera fue de una elegancia contenida, donde cada detalle hablaba de refinamiento: desde la papeler\u00eda hasta la iluminaci\u00f3n, desde la m\u00fasica suave hasta los centros florales que decoraban la cena al aire libre. El mar, siempre presente, aportaba un tel\u00f3n de fondo natural e inolvidable.<\/div><div>\u00a0<\/div><div>M\u00e1s que una celebraci\u00f3n, fue un encuentro entre culturas, memorias y ciudades. Una historia contada con sutileza, en un entorno que reflejaba todo lo que son: sobrios, cosmopolitas y profundamente conectados con lo que realmente importa.<\/div><\/div>\t\t\t\t\t\t\t\t<\/div>\n\t\t\t\t<\/div>\n\t\t\t\t\t<\/div>\n\t\t\t\t<\/div>\n\t\t<div class=\"elementor-element elementor-element-cc344dd e-flex e-con-boxed e-con e-parent\" data-id=\"cc344dd\" data-element_type=\"container\" data-e-type=\"container\">\n\t\t\t\t\t<div class=\"e-con-inner\">\n\t\t\t\t<div class=\"elementor-element elementor-element-79992a7 elementor-widget elementor-widget-html\" data-id=\"79992a7\" data-element_type=\"widget\" data-e-type=\"widget\" data-widget_type=\"html.default\">\n\t\t\t\t<div class=\"elementor-widget-container\">\n\t\t\t\t\t<script> const searchread_686d7fa615161181811229ba = ``;<\/script><template data-pt-type='blog' data-pt-slideshowid='686d7fa615161181811229ba' ><\/template><script src='https:\/\/jaimeruil.pic-time.com\/-elinor\/slideswebcomponentembed.js\/686d7fa615161181811229ba?features=lightbox&filtertags=' type='text\/javascript' data-pt-scriptslideshowid='686d7fa615161181811229ba'><\/script>\t\t\t\t<\/div>\n\t\t\t\t<\/div>\n\t\t\t\t\t<\/div>\n\t\t\t\t<\/div>\n\t\t\t\t<\/div>","protected":false},"excerpt":{"rendered":"<p>Elegancia atemporal frente al mar de M\u00e1laga&#8230;\u00a0\u00c9l, belga. Ella, de Melilla. Se conocieron en M\u00e1laga, la ciudad donde empez\u00f3 su historia, y fue all\u00ed donde decidieron celebrarla para siempre. Aunque actualmente viven en Par\u00eds, eligieron volver al sur para compartir con sus seres queridos una boda \u00edntima, cargada de belleza, tradici\u00f3n y una sofisticaci\u00f3n serena.\u00a0El [&hellip;]<\/p>\n","protected":false},"author":1,"featured_media":0,"parent":0,"menu_order":0,"comment_status":"closed","ping_status":"closed","template":"","meta":{"_monsterinsights_skip_tracking":false,"_monsterinsights_sitenote_active":false,"_monsterinsights_sitenote_note":"","_monsterinsights_sitenote_category":0,"footnotes":""},"class_list":["post-977","page","type-page","status-publish","hentry"],"aioseo_notices":[],"_links":{"self":[{"href":"https:\/\/jaimeruil.com\/en\/wp-json\/wp\/v2\/pages\/977","targetHints":{"allow":["GET"]}}],"collection":[{"href":"https:\/\/jaimeruil.com\/en\/wp-json\/wp\/v2\/pages"}],"about":[{"href":"https:\/\/jaimeruil.com\/en\/wp-json\/wp\/v2\/types\/page"}],"author":[{"embeddable":true,"href":"https:\/\/jaimeruil.com\/en\/wp-json\/wp\/v2\/users\/1"}],"replies":[{"embeddable":true,"href":"https:\/\/jaimeruil.com\/en\/wp-json\/wp\/v2\/comments?post=977"}],"version-history":[{"count":11,"href":"https:\/\/jaimeruil.com\/en\/wp-json\/wp\/v2\/pages\/977\/revisions"}],"predecessor-version":[{"id":991,"href":"https:\/\/jaimeruil.com\/en\/wp-json\/wp\/v2\/pages\/977\/revisions\/991"}],"wp:attachment":[{"href":"https:\/\/jaimeruil.com\/en\/wp-json\/wp\/v2\/media?parent=977"}],"curies":[{"name":"wp","href":"https:\/\/api.w.org\/{rel}","templated":true}]}}

<div data-elementor-type="wp-page" data-elementor-id="977" class="elementor elementor-977" data-elementor-post-type="page">
				<div class="elementor-element elementor-element-06daccf e-flex e-con-boxed e-con e-parent" data-id="06daccf" data-element_type="container" data-e-type="container">
					<div class="e-con-inner">
				<div class="elementor-element elementor-element-d63039e elementor-hidden-tablet elementor-hidden-mobile elementor-widget elementor-widget-image" data-id="d63039e" data-element_type="widget" data-e-type="widget" data-widget_type="image.default">
				<div class="elementor-widget-container">
															<img fetchpriority="high" decoding="async" width="1920" height="844" src="https://jaimeruil.com/wp-content/uploads/2025/07/Grupo-31.jpg" class="attachment-full size-full wp-image-979" alt="" srcset="https://jaimeruil.com/wp-content/uploads/2025/07/Grupo-31.jpg 1920w, https://jaimeruil.com/wp-content/uploads/2025/07/Grupo-31-300x132.jpg 300w, https://jaimeruil.com/wp-content/uploads/2025/07/Grupo-31-1024x450.jpg 1024w, https://jaimeruil.com/wp-content/uploads/2025/07/Grupo-31-768x338.jpg 768w, https://jaimeruil.com/wp-content/uploads/2025/07/Grupo-31-1536x675.jpg 1536w, https://jaimeruil.com/wp-content/uploads/2025/07/Grupo-31-18x8.jpg 18w, https://jaimeruil.com/wp-content/uploads/2025/07/Grupo-31-24x11.jpg 24w, https://jaimeruil.com/wp-content/uploads/2025/07/Grupo-31-36x16.jpg 36w, https://jaimeruil.com/wp-content/uploads/2025/07/Grupo-31-48x21.jpg 48w" sizes="(max-width: 1920px) 100vw, 1920px" />															</div>
				</div>
				<div class="elementor-element elementor-element-8d51464 elementor-hidden-desktop elementor-widget elementor-widget-image" data-id="8d51464" data-element_type="widget" data-e-type="widget" data-widget_type="image.default">
				<div class="elementor-widget-container">
															<img decoding="async" width="750" height="965" src="https://jaimeruil.com/wp-content/uploads/2025/07/Grupo-32.jpg" class="attachment-full size-full wp-image-980" alt="" srcset="https://jaimeruil.com/wp-content/uploads/2025/07/Grupo-32.jpg 750w, https://jaimeruil.com/wp-content/uploads/2025/07/Grupo-32-233x300.jpg 233w, https://jaimeruil.com/wp-content/uploads/2025/07/Grupo-32-9x12.jpg 9w, https://jaimeruil.com/wp-content/uploads/2025/07/Grupo-32-19x24.jpg 19w, https://jaimeruil.com/wp-content/uploads/2025/07/Grupo-32-28x36.jpg 28w, https://jaimeruil.com/wp-content/uploads/2025/07/Grupo-32-37x48.jpg 37w" sizes="(max-width: 750px) 100vw, 750px" />															</div>
				</div>
					</div>
				</div>
		<div class="elementor-element elementor-element-018eaba e-flex e-con-boxed e-con e-parent" data-id="018eaba" data-element_type="container" data-e-type="container">
					<div class="e-con-inner">
				<div class="elementor-element elementor-element-b75ce0f elementor-widget elementor-widget-text-editor" data-id="b75ce0f" data-element_type="widget" data-e-type="widget" data-widget_type="text-editor.default">
				<div class="elementor-widget-container">
									<div>Elegancia atemporal frente al mar de Málaga&#8230;</div><div><div> </div><div>Él, belga. Ella, de Melilla. Se conocieron en Málaga, la ciudad donde empezó su historia, y fue allí donde decidieron celebrarla para siempre. Aunque actualmente viven en París, eligieron volver al sur para compartir con sus seres queridos una boda íntima, cargada de belleza, tradición y una sofisticación serena.</div><div> </div><div>El Palacio Monte Miramar, con sus jardines históricos y vistas al Mediterráneo, fue el enclave perfecto para una ceremonia judía marcada por la emoción y el buen gusto. Bajo una chuppah adornada con flores en tonos blancos y violetas —una paleta delicada y armoniosa—, los novios se unieron rodeados de sus familias, respetando cada uno de los rituales con una sensibilidad profundamente personal.</div><div> </div><div>La atmósfera fue de una elegancia contenida, donde cada detalle hablaba de refinamiento: desde la papelería hasta la iluminación, desde la música suave hasta los centros florales que decoraban la cena al aire libre. El mar, siempre presente, aportaba un telón de fondo natural e inolvidable.</div><div> </div><div>Más que una celebración, fue un encuentro entre culturas, memorias y ciudades. Una historia contada con sutileza, en un entorno que reflejaba todo lo que son: sobrios, cosmopolitas y profundamente conectados con lo que realmente importa.</div></div>								</div>
				</div>
					</div>
				</div>
		<div class="elementor-element elementor-element-cc344dd e-flex e-con-boxed e-con e-parent" data-id="cc344dd" data-element_type="container" data-e-type="container">
					<div class="e-con-inner">
				<div class="elementor-element elementor-element-79992a7 elementor-widget elementor-widget-html" data-id="79992a7" data-element_type="widget" data-e-type="widget" data-widget_type="html.default">
				<div class="elementor-widget-container">
					<script> const searchread_686d7fa615161181811229ba = ``;</script><template data-pt-type='blog' data-pt-slideshowid='686d7fa615161181811229ba' ></template><script src='https://jaimeruil.pic-time.com/-elinor/slideswebcomponentembed.js/686d7fa615161181811229ba?features=lightbox&filtertags=' type='text/javascript' data-pt-scriptslideshowid='686d7fa615161181811229ba'></script>				</div>
				</div>
					</div>
				</div>
				</div>

<p>Elegancia atemporal frente al mar de Málaga&#8230; Él, belga. Ella, de Melilla. Se conocieron en Málaga, la ciudad donde empezó su historia, y fue allí donde decidieron celebrarla para siempre. Aunque actualmente viven en París, eligieron volver al sur para compartir con sus seres queridos una boda íntima, cargada de belleza, tradición y una sofisticación serena. El [&hellip;]</p>
